hat is the ten millions digit of 903778018?
0
What is the ten millions digit of 420588063?
2
What is the hundreds digit of 1908445720?
7
What is the ten millions digit of 855180578?
5
What is the thousands digit of 369111386?
1
What is the tens digit of 1203271937?
3
What is the ten millions digit of 128313757?
2
What is the units digit of 424931948?
8
What is the units digit of 60871708?
8
What is the tens digit of 142422550?
5
What is the ten thousands digit of 161665023?
6
What is the units digit of 50653949?
9
What is the millions digit of 58781826?
8
What is the hundred thousands digit of 60508847?
5
What is the hundred millions digit of 557048193?
5
What is the millions digit of 803350099?
3
What is the hundred millions digit of 3617032638?
6
What is the ten millions digit of 433191740?
3
What is the billions digit of 4555753869?
4
What is the tens digit of 828769436?
3
What is the hundred millions digit of 121784533?
1
What is the ten millions digit of 3610897285?
1
What is the tens digit of 1911668928?
2
What is the thousands digit of 1256834414?
4
What is the hundreds digit of 35579568?
5
What is the hundred thousands digit of 313184556?
1
What is the hundreds digit of 115592413?
4
What is the millions digit of 5726761836?
6
What is the units digit of 136245975?
5
What is the ten thousands digit of 3457496538?
9
What is the ten thousands digit of 48022525?
2
What is the ten millions digit of 85785277?
8
What is the units digit of 2398673201?
1
What is the ten thousands digit of 2047149431?
4
What is the millions digit of 6665404463?
5
What is the tens digit of 167692551?
5
What is the hundred millions digit of 275197694?
2
What is the thousands digit of 1487674032?
4
What is the units digit of 54428935?
5
What is the tens digit of 1594426184?
8
What is the hundred thousands digit of 438950882?
9
What is the units digit of 441722452?
2
What is the thousands digit of 98993588?
3
What is the ten thousands digit of 1140378071?
7
What is the ten millions digit of 26623784?
2
What is the ten millions digit of 72694294?
7
What is the hundred thousands digit of 111923996?
9
What is the units digit of 35053931?
1
What is the ten thousands digit of 55000776?
0
What is the hundred millions digit of 131175452?
1
What is the millions digit of 1298874700?
8
What is the hundreds digit of 1151600811?
8
What is the thousands digit of 4800823515?
3
What is the millions digit of 43572679?
3
What is the thousands digit of 787182609?
2
What is the ten thousands digit of 1485911?
8
What is the hundreds digit of 24207706?
7
What is the thousands digit of 1249768938?
8
What is the millions digit of 2677058?
2
What is the tens digit of 75804659?
5
What is the thousands digit of 36117957?
7
What is the units digit of 1157256145?
5
What is the hundreds digit of 2200591292?
2
What is the ten millions digit of 102727601?
0
What is the ten thousands digit of 100538494?
3
What is the hundred thousands digit of 17832563?
8
What is the units digit of 1708846350?
0
What is the hundreds digit of 41817284?
2
What is the ten thousands digit of 783792851?
9
What is the thousands digit of 48006815?
6
What is the units digit of 50014820?
0
What is the ten millions digit of 77086864?
7
What is the units digit of 201282683?
3
What is the ten millions digit of 52118529?
5
What is the ten millions digit of 1755289610?
5
What is the ten millions digit of 124380846?
2
What is the ten millions digit of 42581746?
4
What is the millions digit of 261745492?
1
What is the hundreds digit of 2556172741?
7
What is the thousands digit of 214193582?
3
What is the units digit of 680915273?
3
What is the hundred thousands digit of 25418904?
4
What is the hundreds digit of 6281188?
1
What is the thousands digit of 426947723?
7
What is the hundreds digit of 29083971?
9
What is the tens digit of 212221598?
9
What is the tens digit of 1171129376?
7
What is the thousands digit of 229707102?
7
What is the hundreds digit of 64212146?
1
What is the tens digit of 1424459561?
6
What is the thousands digit of 933807147?
7
What is the millions digit of 363081228?
3
What is the thousands digit of 2672668847?
8
What is the ten thousands digit of 1750184650?
8
What is the hundred millions digit of 298242694?
2
What is the tens digit of 4953225418?
1
What is the thousands digit of 41752336?
2
What is the thousands digit of 3220205078?
5
What is the ten thousands digit of 2323968585?
6
What is the ten millions digit of 5885794742?
8
What is the units digit of 57863139?
9
What is the hundreds digit of 3130056798?
7
What is the hundred thousands digit of 329215845?
2
What is the tens digit of 23109161?
6
What is the thousands digit of 521839258?
9
What is the hundreds digit of 3613877830?
8
What is the hundred thousands digit of 4729421?
7
What is the millions digit of 39114676?
9
What is the hundred millions digit of 269927104?
2
What is the hundred thousands digit of 1210031551?
0
What is the hundred thousands digit of 320434170?
4
What is the millions digit of 75564052?
5
What is the units digit of 29365145?
5
What is the ten thousands digit of 11061227?
6
What is the hundreds digit of 7606112?
1
What is the hundred thousands digit of 155327263?
3
What is the thousands digit of 8527537?
7
What is the tens digit of 23539468?
6
What is the units digit of 5956287454?
4
What is the ten millions digit of 1862757032?
6
What is the tens digit of 13609856?
5
What is the thousands digit of 1309364275?
4
What is the ten thousands digit of 223788248?
8
What is the units digit of 361223720?
0
What is the ten millions digit of 32057109?
3
What is the millions digit of 62410934?
2
What is the hundred millions digit of 301773664?
3
What is the ten thousands digit of 6057185133?
8
What is the thousands digit of 72904014?
4
What is the thousands digit of 538011157?
1
What is the millions digit of 129695879?
9
What is the hundred millions digit of 958720586?
9
What is the ten thousands digit of 33202837?
0
What is the hundred thousands digit of 41352245?
3
What is the units digit of 88919021?
1
What is the ten millions digit of 62150985?
6
What is the thousands digit of 77978932?
8
What is the ten thousands digit of 4851966?
5
What is the units digit of 5648420280?
0
What is the units digit of 143992468?
8
What is the hundreds digit of 350221308?
3
What is the ten thousands digit of 76586915?
8
What is the hundred millions digit of 148241849?
1
What is the hundred millions digit of 1093972267?
0
What is the hundred thousands digit of 564189493?
1
What is the hundreds digit of 1215679366?
3
What is the ten millions digit of 238983344?
3
What is the billions digit of 3665397994?
3
What is the hundred thousands digit of 50450544?
4
What is the billions digit of 4501006580?
4
What is the tens digit of 1236283534?
3
What is the hundred millions digit of 3600187206?
6
What is the thousands digit of 2897727963?
7
What is the ten thousands digit of 2063162441?
6
What is the millions digit of 1516162185?
6
What is the tens digit of 411440556?
5
What is the tens digit of 24813867?
6
What is the millions digit of 75380321?
5
What is the ten thousands digit of 170503794?
0
What is the ten thousands digit of 2156936635?
3
What is the ten thousands digit of 113170010?
7
What is the hundred millions digit of 445761928?
4
What is the thousands digit of 195184405?
4
What is the ten millions digit of 3448708239?
4
What is the units digit of 1295676222?
2
What is the units digit of 2851183?
3
What is the tens digit of 6580278941?
4
What is the units digit of 5567840496?
6
What is the thousands digit of 332411433?
1
What is the ten thousands digit of 95019021?
1
What is the ten millions digit of 1496202634?
9
What is the hundred thousands digit of 1947115330?
1
What is the hundred thousands digit of 1550971367?
9
What is the hundred millions digit of 348213086?
3
What is the ten thousands digit of 6445942?
4
What is the ten thousands digit of 8004711823?
1
What is the hundred thousands digit of 186655937?
6
What is the hundred thousands digit of 915733828?
7
What is the ten millions digit of 361189916?
6
What is the ten millions digit of 1069619587?
6
What is the millions digit of 20391251?
0
What is the thousands digit of 41449851?
9
What